 highest common factor of 4774 and 83934081.
2387
What is the greatest common factor of 2325 and 16286025?
75
What is the highest common divisor of 636 and 1175367114?
318
Calculate the highest common factor of 210140 and 2560.
20
What is the highest common divisor of 4380 and 220710?
30
What is the greatest common factor of 46324808 and 4?
4
Calculate the greatest common divisor of 2088 and 2664810.
522
What is the highest common factor of 271863666 and 2052?
342
What is the highest common factor of 4718775 and 1725?
75
Calculate the highest common divisor of 378648 and 11241.
9
Calculate the highest common divisor of 128 and 2366368.
32
What is the greatest common divisor of 60 and 11146767?
3
Calculate the highest common factor of 6071031 and 4374837.
8397
Calculate the highest common factor of 21189249 and 270.
27
Calculate the greatest common factor of 272 and 326784.
16
Calculate the highest common factor of 1985 and 3425713.
397
What is the greatest common factor of 214727224 and 3288?
1096
Calculate the highest common divisor of 350322 and 136458.
798
What is the highest common divisor of 1449 and 35791?
7
What is the highest common factor of 1270346 and 6215?
1243
What is the greatest common divisor of 4176 and 3172500?
36
What is the greatest common factor of 24167015 and 3628?
907
What is the greatest common divisor of 33 and 693935?
11
What is the highest common divisor of 3882 and 94113?
3
Calculate the greatest common factor of 286 and 572978406.
286
Calculate the greatest common divisor of 36 and 3394988.
4
What is the highest common factor of 4726 and 12062837?
139
Calculate the highest common factor of 1833712 and 217.
31
Calculate the greatest common divisor of 76881678 and 602.
86
Calculate the greatest common factor of 732 and 77568.
12
Calculate the highest common divisor of 2418527 and 31.
31
Calculate the highest common divisor of 43206 and 295374.
114
What is the greatest common divisor of 54604 and 51612?
748
Calculate the highest common factor of 505 and 68545.
5
What is the greatest common divisor of 1785375 and 8073?
621
Calculate the highest common divisor of 25186 and 1723442.
3598
What is the greatest common factor of 14192264 and 1552?
776
What is the greatest common divisor of 2582 and 164840044?
2582
What is the highest common divisor of 6 and 3289785?
3
What is the highest common divisor of 5060090 and 224?
14
Calculate the highest common factor of 684813 and 1971.
219
Calculate the greatest common divisor of 20825 and 58510900.
1225
Calculate the greatest common factor of 121834 and 2778.
2
Calculate the greatest common factor of 3143350 and 14700.
2450
Calculate the greatest common factor of 55869775 and 11683.
1669
What is the greatest common factor of 231467287 and 3653?
281
What is the greatest common divisor of 23194776 and 28325?
1133
What is the greatest common factor of 2108 and 1730396?
68
What is the highest common factor of 816 and 7594896?
48
What is the highest common factor of 21554 and 17271386?
1658
Calculate the highest common divisor of 675300 and 114.
6
What is the highest common factor of 813824 and 136000?
1088
Calculate the greatest common divisor of 42416 and 30239.
11
What is the greatest common factor of 176580 and 103550?
1090
Calculate the highest common factor of 4521957 and 429.
33
Calculate the greatest common divisor of 8077764 and 48.
12
What is the highest common factor of 143568 and 1524816?
144
Calculate the greatest common factor of 211265710 and 498.
166
What is the highest common factor of 125535299 and 19?
19
What is the highest common factor of 67871460 and 40?
20
What is the greatest common factor of 6004 and 17830379?
1501
Calculate the highest common divisor of 4992 and 313716.
156
What is the greatest common divisor of 16498563 and 47388?
1077
Calculate the highest common factor of 1440 and 38371392.
288
What is the greatest common factor of 11682 and 1979214?
354
Calculate the greatest common factor of 54241 and 35002.
11
Calculate the greatest common factor of 11951544 and 396.
132
Calculate the highest common divisor of 426 and 16779572.
142
Calculate the highest common divisor of 477 and 2317902.
159
Calculate the greatest common factor of 28208511 and 345.
69
Calculate the greatest common divisor of 4 and 1682508.
4
Calculate the greatest common factor of 68944 and 247362454.
8618
Calculate the highest common factor of 225 and 471883500.
225
Calculate the greatest common divisor of 33356 and 2175941.
269
What is the greatest common divisor of 1290 and 27942045?
645
What is the highest common factor of 1026 and 218444634?
1026
What is the greatest common divisor of 129858 and 675638?
1882
What is the highest common divisor of 76 and 32182656?
76
Calculate the greatest common factor of 102564 and 974820.
924
Calculate the highest common factor of 665865 and 765.
45
What is the highest common factor of 2488246 and 170314?
4154
Calculate the highest common divisor of 2879502 and 2256.
282
Calculate the greatest common divisor of 12087351 and 621.
207
What is the highest common divisor of 763005572 and 14?
14
Calculate the highest common factor of 60599 and 4873.
11
Calculate the greatest common factor of 493999748 and 88.
44
What is the highest common divisor of 3592 and 575012748?
1796
Calculate the greatest common factor of 2846560 and 6968.
8
Calculate the highest common factor of 26217 and 4438441.
971
What is the highest common divisor of 40 and 479015560?
40
What is the greatest common divisor of 381168 and 64560?
48
What is the highest common factor of 122903 and 3421?
11
Calculate the highest common divisor of 20080122 and 22533.
3219
What is the highest common divisor of 44860594 and 1132?
566
What is the greatest common factor of 1289546 and 79700?
1594
Calculate the greatest common divisor of 726 and 7979950.
242
What is the greatest common factor of 242437919 and 1194?
199
Calculate the greatest common factor of 22 and 21938422.
22
Calculate the highest common divisor of 890865 and 1125.
45
What is the greatest common divisor of 232 and 11659537?
29
Calculate the greatest common divisor of 186635 and 37785.
1145
What is the highest common factor of 199702 and 349618?
62
What is the greatest common divisor of 246 and 17772598?
82
What is the highest common divisor of 236115 and 648879?
1749
What is the highest common divisor of 40728787 and 15532?
3883
Calculate the highest common divisor of 1066524 and 1504.
188
What is the greatest common factor of 11502179 and 39?
13
What is the greatest common divisor of 94939 and 38648675?
1417
Calculate the greatest common divisor of 46062546 and 516.
258
What is the highest common divisor of 4417435 and 275?
55
Calculate the greatest common factor of 2380 and 6643260.
340
Calculate the highest common factor of 232 and 17109188.
116
Calculate the highest common factor of 5480 and 73790.
10
What is the highest common divisor of 7434858 and 1066?
82
What is the greatest common divisor of 11755254 and 1104?
138
Calculate the highest common divisor of 3224145826 and 22.
22
What is the highest common factor of 58359 and 71589?
147
Calculate the highest common factor of 19801138 and 35973.
3997
What is the greatest common factor of 30744 and 519072?
24
What is the greatest common factor of 19 and 90349541?
19
Calculate the greatest common factor of 14852 and 5056.
316
Calculate the greatest common factor of 473685 and 948750.
345
What is the highest common divisor of 39794552 and 2856?
952
Calculate the highest common divisor of 86101157 and 1629.
181
Calculate the highest common factor of 399 and 13651557.
57
What is the highest common divisor of 3477 and 276513?
183
What is the highest common divisor of 760 and 2767046?
38
What is the highest common factor of 1506 and 2190477?
753
Calculate the highest common factor of 71 and 218413253.
71
What is the greatest common factor of 787049 and 15202?
691
What is the greatest common factor of 1870737 and 27?
3
What is the highest common factor of 395084 and 1720?
172
Calculate the greatest common divisor of 3493 and 1490513.
499
Calculate the greatest common divisor of 137232 and 41040.
144
What is the highest common factor of 19031314 and 6286?
898
What is the greatest